hat is o(t)?
2
Let j(o) = -3*o**2 - 13*o + 6. Let x(w) = -4*w**2 - 14*w + 7. Let n(a) = 3*j(a) - 2*x(a). Let i(k) be the first derivative of n(k). What is i(-9)?
7
Let s(v) = 6*v**3 + 3*v**2 - v - 4. Suppose -46*u + 33 = -59. Give s(u).
54
Let t(o) be the second derivative of -o**3/6 - o**2/2 + 286*o. Give t(9).
-10
Let f = -155 + 165. Let t(y) = 10 - 9 + y + f*y**3 + 0. Suppose 3*b - 5*b = 2. Give t(b).
-10
Let j(z) be the second derivative of z**5/60 + z**4/8 - z**3 - 85*z**2/2 + 17*z. Let y(i) be the first derivative of j(i). Give y(-4).
-2
Suppose 8 = -2*l, 5*y + 17 - 7 = -5*l. Suppose 4*n - o + 24 = -5*o, -5 = y*n - 5*o. Let p(t) = -t**2 - 3*t + 7. Calculate p(n).
-3
Let p(w) = w**2 - 6*w - 14. Let a be -1 + 32 + -23 + (0 - -1). Give p(a).
13
Let v(f) be the second derivative of f**5/60 + 3*f**4/8 - 29*f**3/2 - 81*f. Let i(n) be the second derivative of v(n). Give i(-9).
-9
Let q(r) = -7*r**3 + 64*r**2 + 32*r + 3. Let h(x) = 20*x**3 - 183*x**2 - 97*x - 10. Let g(d) = -6*h(d) - 17*q(d). What is g(13)?
-4
Let u(r) be the first derivative of -27*r**2 - 6*r + 6265. Calculate u(-1).
48
Let m(d) = -d - 6. Suppose -5*f + 4*f + 16 = 0. Suppose u - 13 = i, -u + f = 3*u. Let v be (-4 + 6/(-9))/((-6)/i). What is m(v)?
1
Let s be 6/(-15) - 4/(-10). Suppose -25 = 5*v - 5, -3*p - 5*v - 11 = s. Let z(o) = o + o + p - 4*o. Give z(6).
-9
Let p(c) be the third derivative of -5*c**4/12 - 97*c**3/6 - 1551*c**2. What is p(-7)?
-27
Let h = -2985 - -2987. Let y(v) = 1. Let r(k) be the third derivative of k**4/12 + k**3 - k**2. Let i(t) = h*y(t) - r(t). Give i(4).
-12
Suppose z + 12 = 5*a, -5*z - 2*a = -0*a - 21. Suppose -5*y + 4*f - 46 = 0, -z*y + y - 32 = -5*f. Let m(k) = 7*k + 9. What is m(y)?
-33
Suppose -5*a - 8 = 12, -3*o - 4*a = 13. Let n(b) be the first derivative of -7*b**2/2 - b - 24. Give n(o).
-8
Let n(f) = -f**2 + 11*f - 9. Let r = 322 + -295. Suppose -33 = -4*p + s, -3*p + r = -2*s - s. Calculate n(p).
15
Let s(q) = -7*q**2 - 203 + 93*q - 87*q + 3*q**2 + 43*q + 5*q**2. What is s(-53)?
9
Let f(p) = -p**3 - 10*p**2 - 14*p + 11. Let g be 4/(28/(-63)) - 3/(-3). Calculate f(g).
-5
Let n(y) = 99*y - 43. Let k(i) = 92*i - 44. Let g(m) = 15*k(m) - 14*n(m). Calculate g(-12).
14
Suppose 3*a = 2*a + 2. Let o be (-4 - -2) + 9 + -5. Let k(w) = 3 + 5*w**3 - 6*w - o*w + 4*w + w**2 - 4*w**3. Determine k(a).
7
Let d(y) = -11*y**2 + 15*y. Let f(x) = -7*x. Let n(o) = -d(o) - 2*f(o). Give n(2).
42
Let p(q) be the second derivative of 5*q**2 + 147*q + 0 + 1/2*q**3. Give p(-3).
1
Let w(c) be the third derivative of -c**6/120 + c**5/6 - 3*c**4/8 + c**3 - 455*c**2. Determine w(9).
6
Let n(t) = -57*t + 154. Let l be n(-8). Suppose -6*d - 562 = -l. Let k(u) = 2*u - 1. Calculate k(d).
15
Let a(v) = -45*v**2 + 14*v - 34. Let y(b) = 56*b**2 - 14*b + 32. Let h(p) = -5*a(p) - 4*y(p). Determine h(12).
18
Let z be (6/4)/(3/20). Let m(u) = -2 + 0 + z + u**2 + 7*u. Suppose 0 = 5*c + 4*n - 30, 0 = -3*c + 2*n + 1753 - 1801. Determine m(c).
2
Let o(c) = 2*c**2 - 10*c - 20. Let d be o(7). Let k(r) = -12 + 67*r - r**2 - 61*r + d. Let l(p) = -2*p - 6. Let a be l(-6). Calculate k(a).
-4
Let q(h) be the first derivative of -19*h**2/2 - 91*h + 2632. Give q(-5).
4
Let n(j) be the first derivative of j**4/4 + 10*j**3/3 - 8*j**2 - 53*j - 850. Determine n(-11).
2
Let z(f) = 3*f**2 + 4 - 6*f**3 + 2*f**2 + 2*f + 4*f + 5*f**3. Suppose -19*c = -25*c + 198. Suppose c - 9 = 4*y. Calculate z(y).
4
Suppose 10 = -506*w + 504*w + 5*s, 4*s = 11*w - 133. Let t(l) = l**3 - 15*l**2 + 7*l - 118. Determine t(w).
-13
Let d(n) = n + 7. Suppose 3*l - 9*f - 7 = -4*f, -4*f = -l. Let m be (-1 - l/(-10))/((-7)/(-70)). What is d(m)?
1
Let i(d) = 2*d**3 - 17*d**2 + 6*d + 11. Suppose 18 = 3*x - 2*h, -4*x + 90*h + 17 = 85*h. What is i(x)?
-5
Let w(g) = -3*g + 2*g - 625 + 634. Calculate w(-4).
13
Let q(g) = 6*g**3 - g**2 + 1. Let z(b) = -11*b**3 - b**2 - 11*b + 5. Let t(v) = -2*q(v) - z(v). Give t(4).
21
Suppose 36*p - 34*p = -360. Let v = p + 180. Let h(f) = -f**3 - f + 29. Calculate h(v).
29
Let l(b) = -7*b**3 - b**2 + 4*b - 4. Let i(q) = q**3 + q**2 - q + 1. Let y(v) = -6*i(v) - l(v). Let j be 1/((-5)/6620*-4). Let s = -329 + j. What is y(s)?
-10
Suppose -12*f = -106 - 194. Let c(y) = 3*y**2 - 76*y + 21. What is c(f)?
-4
Suppose -80*r + 805 = -155. Let a(h) = -5*h + 19. Give a(r).
-41
Let x(l) = -9*l + 27. Let n(t) = -20*t + 61. Let d(z) = 4*n(z) - 9*x(z). Determine d(-8).
-7
Let b(q) be the third derivative of q**7/2520 - q**6/180 + 11*q**5/10 + q**4/12 - 57*q**2. Let i(w) be the third derivative of b(w). Calculate i(8).
12
Let u(v) = 163*v - 31. Let h(m) = 189*m - 30. Let q(n) = 6*h(n) - 7*u(n). Determine q(7).
-12
Let q(m) = 221*m - 1324. Let n be q(6). Let h(x) = -2*x - 2. Give h(n).
-6
Let y(s) = 11*s**2 - 4*s + 1. Let g be y(-1). Suppose 13 = g*l - 51. Let m(t) = t**3 - 5*t**2 + 6*t - 1. What is m(l)?
7
Suppose 4*w - 6*m = -4*m + 4, w = -4*m + 19. Let z(h) = -w*h**2 + 0*h**2 + 51*h - 55*h + 4. Give z(-4).
-28
Let c be 4*(1 - (636/8)/(-3)). Let a be -14*(-11)/c - (-6)/10. Let z(v) = 7*v - 3. Give z(a).
11
Suppose 6 = 3*z - 24. Let v(r) be the first derivative of -r**4/4 + 10*r**3/3 - 7*r - 124. Give v(z).
-7
Let q(g) = -g**2 - g. Suppose 0 = -0*i - 2*i - 4, -3*k + 5*i - 14 = 0. Let y(a) = -4*a**2 - 31*a + 7. Let l be y(k). Determine q(l).
0
Let j(z) = -13*z - 152 + 16*z + 149. Give j(-7).
-24
Let a(q) = q - 10. Let g be 1/(36/60 - (-52)/(-95)). Let s be a(g). Let o(w) = s*w**2 - 419*w + 419*w + 1. Calculate o(-1).
10
Let j(g) = 0*g**2 + g**2 - 12*g - 2 - 13*g + 30*g. What is j(-4)?
-6
Let t(p) = 2*p**3 + 8*p**2 + 2*p + 9. Let i be t(-4). Let k(v) = -5*v**2 - 7*v**2 + 11*v**2. What is k(i)?
-1
Suppose -32 = -x - 0*x - 5*f, -5*x + 3*f = -20. Let d(b) = 5*b**2 + 129*b - 16. Let z be d(-26). Let n = x - z. Let l(o) = o. What is l(n)?
-3
Let s(t) = 33*t - 913. Let l(h) = 17*h - 460. Let d(j) = 11*l(j) - 6*s(j). Calculate d(39).
-11
Let b(v) = -2*v**2 + 14*v. Let n(k) = 7*k**2 - 45*k + 3. Let f(i) = -3*b(i) - n(i). What is f(4)?
-7
Let g(z) be the second derivative of -z**5/10 - 5*z**4/12 + z**3/2 + 2*z**2 + 3*z + 9. Determine g(-4).
40
Let u(g) be the second derivative of -g**4/12 + 5*g**3/6 + 5*g**2 - 15*g + 19. Suppose 5*b + 2*j - 27 = 4*b, -4*b = 2*j - 96. Let c = b - 16. Give u(c).
-4
Let l(s) = 863*s**2 + 80*s + 261. Let v(m) = 157*m**2 + 16*m + 52. Let w(r) = -2*l(r) + 11*v(r). Determine w(-11).
-5
Let l(g) = -27*g**2 + 7*g - 9. Let o(d) = -20*d**2 + 7*d - 11. Let r(s) = 3*l(s) - 4*o(s). Determine r(-9).
-1
Let r(o) = o**3 + 6*o**2 - 7*o + 2. Let y be r(-7). Suppose 2*d + y*q - 18 = 0, -2*d + d = 2*q - 11. Suppose -25 = 8*s + d. Let u(x) = -x - 7. Give u(s).
-3
Let f(l) = -l**3 + 16*l**2 - 27*l - 79. Let y be f(15). Let i = 250 + y. Let p(c) = 2*c + 13. Give p(i).
-5
Let f(l) be the first derivative of -l**4/4 - 14*l**3/3 + 35*l**2/2 + 53*l + 109. Let v be f(-16). Let d(g) = g**3 - 6*g**2 + 6*g - 4. Give d(v).
1
Let m(d) = -d**3 + 15*d + 3 - 5*d**2 - 14*d + d. Let s = 401 - 407. Calculate m(s).
27
Let j(i) = i + 10. Let m be j(-8). Suppose -3 - 5 = -m*b. Let d be (-5 - (3 - b))/(-2). Let o(w) = w - 3. What is o(d)?
-1
Let u = -53 - -61. Let s(c) = -2*c + 8. Let x be s(u). Let i(y) be the third derivative of -y**5/60 - y**4/4 + 3*y**3/2 + 29*y**2. Give i(x).
-7
Let q(w) = w**2 - 4*w. Let f be 14/385 + 489/165. What is q(f)?
-3
Let m(r) = -162 + 162 + 2*r. Let d be (-4)/3 + -14*(-12)/72. Give m(d).
2
Let t(v) be the first derivative of -v**3/2 + v**2 + v - 1. Let u(f) be the first derivative of t(f). Let d = 1232316 + -1232311. Give u(d).
-13
Let r = -48 - -26. Let m = 24 + r. Let c(d) = -2 + 3*d**2 + 4 - m*d**2 - 2*d. Give c(3).
5
Suppose 10*v = -2*j - 20, 5*v + 14*j = 15*j. Let i(b) = -25*b - 4. Give i(v).
21
Let r = 22182 - 22183. Let n(m) = -95*m**2 + 3*m + 4. Calculate n(r).
-94
Let q(z) be the first derivative of z**6/360 - z**5/10 - z**4/2 - 31*z**3/3 + 68. Let r(d) be the third derivative of q(d). What is r(13)?
1
Suppose a - 5*d = 18, -2*a - 6*d + 7*d = 0. Let u(m) = m**3 + 2*m**2 - 3*m - 3. Give u(a).
3
Suppose 0 = -c + 5, 3*c - 149 = -3*h - 1040. Let z = h - -299. Let i(q) = 6*q + 3. Determine i(z).
-15
Let b be (-1)/((-57)/15 - -4). Let a(f) = 5*f**3 - 10*f**2 + 10*f + 10. Let w(j) = 6*j**3 - 11*j**